at is -2ab2b (base 15) in base 5?
-13400031
What is -1543750 (base 15) in base 13?
-326349c
-100110000100001011 (base 2) to base 7
-1216364
What is 12131443 (base 5) in base 7?
655115
What is -688905 (base 10) in base 9?
-1260000
Convert 160307 (base 11) to base 14.
66bab
Convert -122023033 (base 5) to base 14.
-111400
Convert 1326251 (base 7) to base 8.
525730
What is 300123 (base 6) in base 12?
11643
What is 14960 (base 15) in base 9?
110770
Convert -220333110130 (base 4) to base 11.
-6079a68
What is -3964 (base 11) in base 15?
-17d7
What is 16b572a (base 12) in base 11?
2731849
Convert 2accb (base 14) to base 8.
320463
20a27b (base 12) to base 8
1756377
-2162412 (base 7) to base 8
-1012212
Convert -39bfdd (base 16) to base 12.
-1326251
Convert -234020402 (base 5) to base 8.
-4074265
What is 2e1c38 (base 15) in base 13?
602897
What is -10621324 (base 8) in base 14?
-43d24c
Convert 1111111101 (base 2) to base 11.
849
Convert -a75473 (base 13) to base 11.
-224068a
What is -1167227 (base 8) in base 2?
-1001110111010010111
-30c98b (base 15) to base 2
-1000110110100110001101
Convert -21128 (base 12) to base 11.
-2a653
What is -1111110000101100110 (base 2) in base 12?
-20aa5a
What is 22322707 (base 9) in base 7?
160656313
What is -10523064 (base 7) in base 5?
-213212310
Convert -317b531 (base 12) to base 3.
-122122010120001
Convert 22b482 (base 12) to base 9.
1041488
What is 2141131041 (base 5) in base 8?
21523202
What is -11101100000100110 (base 2) in base 7?
-1012251
-2232343041 (base 5) to base 14
-933792
327655 (base 8) to base 11
76033
-259831b (base 12) to base 16
-712cc7
Convert -1437485 (base 12) to base 13.
-ac0397
Convert -33908 (base 14) to base 3.
-20100210222
1425220 (base 6) to base 3
11010211010
Convert -100110101000010000 (base 2) to base 13.
-57031
-10123104 (base 6) to base 5
-33302432
Convert -1100000101110011000110 (base 2) to base 10.
-3169478
Convert 1021300430 (base 6) to base 16.
a36302
-442134 (base 6) to base 4
-20332222
Convert -4910ce (base 16) to base 9.
-10007437
Convert -11000011100100010100110 (base 2) to base 4.
-120130202212
Convert -8655374 (base 9) to base 15.
-61a8a7
-10011010110100101100 (base 2) to base 14
-12716c
Convert 110877 (base 9) to base 13.
24262
111432 (base 5) to base 10
3992
-12222012020211 (base 3) to base 11
-1877847
What is -302380 (base 10) in base 11?
-197201
233022 (base 8) to base 15
187bd
What is 1d55e4 (base 16) in base 9?
3550186
-1001010101111111010111 (base 2) to base 4
-21111333113
4453221 (base 6) to base 4
312322231
What is 2f34b3 (base 16) in base 10?
3093683
10280116 (base 10) to base 5
10112430431
-120323042 (base 5) to base 4
-2020031021
Convert -35285 (base 13) to base 14.
-2756b
What is 66208 (base 13) in base 15?
39bb4
What is 55411 (base 7) in base 8?
33144
What is 10001111100011111110 (base 2) in base 11?
371883
Convert -119072 (base 10) to base 15.
-25432
What is 1200412 (base 5) in base 7?
121042
What is -103031220 (base 4) in base 5?
-10004241
9ee4b (base 16) to base 11
404a81
-523322 (base 7) to base 14
-24b49
What is 9899 (base 16) in base 2?
1001100010011001
Convert -3465a31 (base 12) to base 9.
-20874781
What is 7281 (base 9) in base 4?
1103122
11110110100110110101 (base 2) to base 7
11404621
What is -3281616 (base 10) in base 4?
-30201023100
Convert 1221b75 (base 13) to base 10.
5630669
-19ac4 (base 16) to base 12
-50a30
Convert -67556722 (base 8) to base 13.
-3045095
Convert 302002222 (base 4) to base 13.
723ac
-1054264 (base 10) to base 4
-10001120320
-101100000111000110 (base 2) to base 14
-49bb8
What is 7685 (base 12) in base 10?
13061
-5a73645 (base 11) to base 7
-155614365
What is -4535330 (base 6) in base 3?
-102201022200
Convert cc08 (base 15) to base 8.
124310
Convert 38176 (base 16) to base 3.
102200011021
What is -2101834 (base 9) in base 4?
-10102100023
Convert 1101116 (base 7) to base 2.
100000111011001101
Convert -19a1c9 (base 14) to base 2.
-11011110100000010101
Convert -32477 (base 16) to base 14.
-550a3
What is 10313110201 (base 4) in base 3?
2101210012111
16340 (base 9) to base 7
44460
Convert -1000101111000010011 (base 2) to base 8.
-1057023
What is 193242a (base 11) in base 7?
36531023
-18251a (base 11) to base 4
-1010231323
3146314 (base 11) to base 9
11377083
What is -780a65 (base 12) in base 7?
-22141160
What is -173885 (base 9) in base 2?
-11010010101110000
Convert 9986 (base 15) to base 6.
410330
-1482380 (base 10) to base 4
-11221322030
1b7206 (base 13) to base 6
23010123
-16323542 (base 8) to base 15
-4e97d7
What is -231101110200 (base 4) in base 9?
-24287036
What is -100120102 (base 3) in base 10?
-6977
401b4b (base 12) to base 16
f3d2b
Convert 11021112021121 (base 3) to base 15.
2edb71
What is -201522555 (base 6) in base 15?
-481972
Convert 10011011100212 (base 3) to base 16.
1993cd
What is 111100001010 (base 2) in base 3?
12021121
-1100010100001011101 (base 2) to base 11
-256213
What is 10cd4 (base 14) in base 15?
c204
What is -126004 (base 9) in base 13?
-28ac5
What is -10072281 (base 9) in base 15?
-656444
-2992 (base 16) to base 4
-2212102
What is 1016112 (base 8) in base 13?
95800
What is -451201 (base 7) in base 16?
-1373b
-558a0 (base 11) to base 3
-11010000201
Convert a3077 (base 16) to base 5.
132332032
Convert -10652021 (base 7) to base 8.
-3446203
What is 2546004 (base 7) in base 3?
121211001020
4510162 (base 7) to base 12
22a4b1
3396a (base 12) to base 6
1250214
What is -4510318 (base 10) in base 8?
-21151156
1754839 (base 10) to base 15
249e44
What is -12101210202121 (base 3) in base 16?
-2bca8c
What is 863453 (base 9) in base 3?
222010111210
-133324213 (base 5) to base 16
-a6c32
cbaa4 (base 14) to base 9
831578
-201101222211110 (base 3) to base 5
-10120020034
What is -1652614 (base 7) in base 13?
-81499
-4041004110 (base 5) to base 2
-11111000011100101100011
Convert 2996 (base 10) to base 7.
11510
Convert -283785 (base 12) to base 16.
-a3895
What is 10161356 (base 7) in base 11?
534654
61a56 (base 13) to base 8
526334
What is 232204 (base 7) in base 13?
15c25
Convert -118583 (base 13) to base 14.
-ac686
What is -571535 (base 13) in base 6?
-112050342
Convert 21a60ab (base 12) to base 15.
872b3e
What is -a6416 (base 12) in base 15?
-44a4c
Convert -7072017 (base 8) to base 16.
-1c740f
What is 17a60b (base 14) in base 10?
835363
What is 444300 (base 7) in base 10?
78351
-160150045 (base 7) to base 4
-220330310320
Convert -32325252 (base 6) to base 3.
-1210210011212
750561 (base 8) to base 14
67293
What is 896512 (base 12) in base 9?
4104805
Convert 331433310 (base 5) to base 4.
11132300201
What is 1b24e (base 15) in base 3?
11111002102
3431225 (base 6) to base 5
21102030
Convert 67777 (base 12) to base 10.
137611
Convert 659553 (base 10) to base 16.
a1061
Convert 4130433401 (base 5) to base 8.
40174377
-11203232320 (base 4) to base 2
-101100011101110111000
Convert -403123423 (base 6) to base 4.
-122031021213
-bd710 (base 15) to base 7
-5056044
Convert -67146 (base 10) to base 13.
-24741
Convert 1cd43d (base 15) to base 13.
3a573c
Convert 2100102220202 (base 3) to base 12.
502778
What is 111000111001101110110 (base 2) in base 5?
434131231
-50d5 (base 16) to base 5
-1130233
13231340 (base 5) to base 11
91203
What is 3462826 (base 10) in base 5?
1341302301
Convert 10111000100001011111010 (base 2) to base 6.
333332510
Convert 213132203 (base 4) to base 2.
100111011110100011
Convert 10111111100111010 (base 2) to base 15.
1e106
-790478 (base 11) to base 3
-2100222222101
Convert 6ac5b (base 16) to base 6.
13212415
What is 1220024241 (base 5) in base 14?
554154
Convert 3785126 (base 9) to base 16.
1f7e20
-111011011111010 (base 2) to base 7
-154541
What is -1001100011001111111 (base 2) in base 14?
-820a3
-9961 (base 15) to base 9
-48511
What is -1301413231 (base 5) in base 10?
-3154191
Convert 585a1 (base 15) to base 6.
10010441
Convert 321113221 (base 4) to base 6.
5011521
Convert 100908 (base 10) to base 11.
698a5
What is 2053223 (base 7) in base 15?
4d932
255392 (base 10) to base 16
3e5a0
Convert 410653 (base 14) to base 3.
11010022102201
Convert -105288a (base 13) to base 2.
-10010111110101101110010
-67510 (base 14) to base 7
-2062620
Convert -513412 (base 7) to base 10.
-87670
-1101000100001001 (base 2) to base 4
-31010021
Wh